{"id":360,"date":"2023-06-21T17:30:42","date_gmt":"2023-06-21T15:30:42","guid":{"rendered":"https:\/\/bebidasinn.makesystems.com.co\/?post_type=product&#038;p=360"},"modified":"2026-04-07T18:45:30","modified_gmt":"2026-04-07T16:45:30","slug":"refresco-sabor-a-naranja-x-250-ml","status":"publish","type":"product","link":"https:\/\/bebidasinn.com\/?product=refresco-sabor-a-naranja-x-250-ml","title":{"rendered":"Citrus Mora 250 mL"},"content":{"rendered":"<h4>Ingredientes<\/h4>\n<p>Agua, az\u00facar, acidulante (\u00e1cido c\u00edtrico, \u00e1cido m\u00e1lico), sabor artificial a mora, estabilizante (goma xantana), regulador de acidez (citrato de sodio), conservantes (sorbato de potasio, benzoato de sodio), edulcorante artificial (sucralosa), colorantes artificiales (rojo allura E-129, azul brillante E-133). <strong>\u201cCONTIENE TARTRAZINA\u201d<\/strong>.<\/p>\n<p><strong>Informaci\u00f3n Nutricional<\/strong><\/p>\n<p>(100 mL): <strong>Calor\u00edas 12<\/strong>, Grasa total 0 g, Carbohidratos totales 2,5 g, Az\u00facares totales 2,3 g, <strong>Az\u00facares a\u00f1adidos 2,5 g, Sodio 2,6 mg.<\/strong> <strong>Informaci\u00f3n nutricional<\/strong> (porci\u00f3n): <strong>tama\u00f1o de porci\u00f3n:<\/strong> 1 vaso (200 mL) <strong>N\u00famero de porciones por <\/strong><strong>envase:<\/strong> 1, <strong>Calor\u00edas 23<\/strong>, Grasa total 0 g, Carbohidratos totales 4,9 g, Az\u00facares totales 4,6 g, <strong>Az\u00facares a\u00f1adidos 5,0 g, Sodio 5,2 mg.<\/strong> No es una fuente significativa de Grasa Saturada, Grasa Trans, Fibra, Prote\u00edna, Vitamina A, Vitamina D, Hierro, Calcio y Zinc.<\/p>\n<p><strong>Reg. Sanitario:<\/strong> RSA-0012283-2021<\/p>\n<div class=\"page\" title=\"Page 1\">\n<div class=\"section\">\n<div class=\"layoutArea\">\n<div class=\"column\">\n<div class=\"page\" title=\"Page 1\">\n<div class=\"section\">\n<div class=\"layoutArea\">\n<div class=\"column\"><\/div>\n<\/div>\n<\/div>\n<\/div>\n<\/div>\n<\/div>\n<\/div>\n<\/div>\n","protected":false},"excerpt":{"rendered":"<p>Ingredientes Agua, az\u00facar, acidulante (\u00e1cido c\u00edtrico, \u00e1cido m\u00e1lico), sabor artificial a mora, estabilizante (goma xantana), regulador de acidez (citrato de sodio), conservantes (sorbato de potasio, benzoato de sodio), edulcorante artificial (sucralosa), colorantes artificiales (rojo allura E-129, azul brillante E-133). \u201cCONTIENE TARTRAZINA\u201d. Informaci\u00f3n Nutricional (100 mL): Calor\u00edas 12, Grasa total 0 g, Carbohidratos totales 2,5 g, [&hellip;]<\/p>\n","protected":false},"featured_media":3238,"comment_status":"open","ping_status":"closed","template":"","meta":[],"product_brand":[],"product_cat":[21,27],"product_tag":[],"class_list":{"0":"post-360","1":"product","2":"type-product","3":"status-publish","4":"has-post-thumbnail","6":"product_cat-citrus","7":"product_cat-tienda","9":"first","10":"outofstock","11":"shipping-taxable","12":"purchasable","13":"product-type-simple"},"_links":{"self":[{"href":"https:\/\/bebidasinn.com\/index.php?rest_route=\/wp\/v2\/product\/360","targetHints":{"allow":["GET"]}}],"collection":[{"href":"https:\/\/bebidasinn.com\/index.php?rest_route=\/wp\/v2\/product"}],"about":[{"href":"https:\/\/bebidasinn.com\/index.php?rest_route=\/wp\/v2\/types\/product"}],"replies":[{"embeddable":true,"href":"https:\/\/bebidasinn.com\/index.php?rest_route=%2Fwp%2Fv2%2Fcomments&post=360"}],"wp:featuredmedia":[{"embeddable":true,"href":"https:\/\/bebidasinn.com\/index.php?rest_route=\/wp\/v2\/media\/3238"}],"wp:attachment":[{"href":"https:\/\/bebidasinn.com\/index.php?rest_route=%2Fwp%2Fv2%2Fmedia&parent=360"}],"wp:term":[{"taxonomy":"product_brand","embeddable":true,"href":"https:\/\/bebidasinn.com\/index.php?rest_route=%2Fwp%2Fv2%2Fproduct_brand&post=360"},{"taxonomy":"product_cat","embeddable":true,"href":"https:\/\/bebidasinn.com\/index.php?rest_route=%2Fwp%2Fv2%2Fproduct_cat&post=360"},{"taxonomy":"product_tag","embeddable":true,"href":"https:\/\/bebidasinn.com\/index.php?rest_route=%2Fwp%2Fv2%2Fproduct_tag&post=360"}],"curies":[{"name":"wp","href":"https:\/\/api.w.org\/{rel}","templated":true}]}}