{"id":3122,"date":"2026-03-26T02:10:04","date_gmt":"2026-03-26T01:10:04","guid":{"rendered":"https:\/\/bebidasinn.com\/?page_id=3122"},"modified":"2026-03-26T02:18:21","modified_gmt":"2026-03-26T01:18:21","slug":"elementor-3122","status":"publish","type":"page","link":"https:\/\/bebidasinn.com\/?page_id=3122","title":{"rendered":""},"content":{"rendered":"\t\t<div data-elementor-type=\"wp-page\" data-elementor-id=\"3122\" class=\"elementor elementor-3122\" data-elementor-post-type=\"page\">\n\t\t\t\t\t\t\t\t\t<section class=\"elementor-section elementor-top-section elementor-element elementor-element-5b8a831 elementor-section-boxed elementor-section-height-default elementor-section-height-default\" data-id=\"5b8a831\" data-element_type=\"section\">\n\t\t\t\t\t\t<div class=\"elementor-container elementor-column-gap-default\">\n\t\t\t\t\t<div class=\"elementor-column elementor-col-100 elementor-top-column elementor-element elementor-element-a7d5c36\" data-id=\"a7d5c36\" data-element_type=\"column\">\n\t\t\t<div class=\"elementor-widget-wrap elementor-element-populated\">\n\t\t\t\t\t\t\t\t<div class=\"elementor-element elementor-element-f8d2af9 elementor-widget elementor-widget-heading\" data-id=\"f8d2af9\" data-element_type=\"widget\" data-widget_type=\"heading.default\">\n\t\t\t\t<div class=\"elementor-widget-container\">\n\t\t\t<style>\/*! elementor - v3.15.0 - 20-08-2023 *\/\n.elementor-heading-title{padding:0;margin:0;line-height:1}.elementor-widget-heading .elementor-heading-title[class*=elementor-size-]>a{color:inherit;font-size:inherit;line-height:inherit}.elementor-widget-heading .elementor-heading-title.elementor-size-small{font-size:15px}.elementor-widget-heading .elementor-heading-title.elementor-size-medium{font-size:19px}.elementor-widget-heading .elementor-heading-title.elementor-size-large{font-size:29px}.elementor-widget-heading .elementor-heading-title.elementor-size-xl{font-size:39px}.elementor-widget-heading .elementor-heading-title.elementor-size-xxl{font-size:59px}<\/style><h2 class=\"elementor-heading-title elementor-size-xl\">COMPRA NUESTROS PRODUCTOS INN<\/h2>\t\t<\/div>\n\t\t\t\t<\/div>\n\t\t\t\t<div class=\"elementor-element elementor-element-9977cf2 elementor-widget elementor-widget-text-editor\" data-id=\"9977cf2\" data-element_type=\"widget\" data-widget_type=\"text-editor.default\">\n\t\t\t\t<div class=\"elementor-widget-container\">\n\t\t\t<style>\/*! elementor - v3.15.0 - 20-08-2023 *\/\n.elementor-widget-text-editor.elementor-drop-cap-view-stacked .elementor-drop-cap{background-color:#69727d;color:#fff}.elementor-widget-text-editor.elementor-drop-cap-view-framed .elementor-drop-cap{color:#69727d;border:3px solid;background-color:transparent}.elementor-widget-text-editor:not(.elementor-drop-cap-view-default) .elementor-drop-cap{margin-top:8px}.elementor-widget-text-editor:not(.elementor-drop-cap-view-default) .elementor-drop-cap-letter{width:1em;height:1em}.elementor-widget-text-editor .elementor-drop-cap{float:left;text-align:center;line-height:1;font-size:50px}.elementor-widget-text-editor .elementor-drop-cap-letter{display:inline-block}<\/style>\t\t\t\t<p>\u00a1As\u00ed de f\u00e1cil compras nuestros productos en nuestra p\u00e1gina! Entra, elige lo que te encanta y rec\u00edbelo sin complicaciones, r\u00e1pido y seguro.<\/p>\t\t\t\t\t\t<\/div>\n\t\t\t\t<\/div>\n\t\t\t\t\t<\/div>\n\t\t<\/div>\n\t\t\t\t\t\t\t<\/div>\n\t\t<\/section>\n\t\t\t\t<section class=\"elementor-section elementor-top-section elementor-element elementor-element-0dd58f3 elementor-section-boxed elementor-section-height-default elementor-section-height-default\" data-id=\"0dd58f3\" data-element_type=\"section\">\n\t\t\t\t\t\t<div class=\"elementor-container elementor-column-gap-default\">\n\t\t\t\t\t<div class=\"elementor-column elementor-col-50 elementor-top-column elementor-element elementor-element-71817df\" data-id=\"71817df\" data-element_type=\"column\">\n\t\t\t<div class=\"elementor-widget-wrap elementor-element-populated\">\n\t\t\t\t\t\t\t\t<div class=\"elementor-element elementor-element-5852d88 elementor-widget elementor-widget-heading\" data-id=\"5852d88\" data-element_type=\"widget\" data-widget_type=\"heading.default\">\n\t\t\t\t<div class=\"elementor-widget-container\">\n\t\t\t<h2 class=\"elementor-heading-title elementor-size-default\">Paso #1<\/h2>\t\t<\/div>\n\t\t\t\t<\/div>\n\t\t\t\t<div class=\"elementor-element elementor-element-dad4565 elementor-widget elementor-widget-text-editor\" data-id=\"dad4565\" data-element_type=\"widget\" data-widget_type=\"text-editor.default\">\n\t\t\t\t<div class=\"elementor-widget-container\">\n\t\t\t\t\t\t\t<p>En nuestra web INN encontrar\u00e1s diferentes categor\u00edas pensadas para acompa\u00f1ar cada uno de tus momentos. Dir\u00edgete al apartado de tienda, explora las opciones disponibles y selecciona la categor\u00eda que m\u00e1s te guste.<\/p>\t\t\t\t\t\t<\/div>\n\t\t\t\t<\/div>\n\t\t\t\t<div class=\"elementor-element elementor-element-347a171 elementor-widget elementor-widget-heading\" data-id=\"347a171\" data-element_type=\"widget\" data-widget_type=\"heading.default\">\n\t\t\t\t<div class=\"elementor-widget-container\">\n\t\t\t<h2 class=\"elementor-heading-title elementor-size-default\">Paso #2<\/h2>\t\t<\/div>\n\t\t\t\t<\/div>\n\t\t\t\t<div class=\"elementor-element elementor-element-cd477f0 elementor-widget elementor-widget-text-editor\" data-id=\"cd477f0\" data-element_type=\"widget\" data-widget_type=\"text-editor.default\">\n\t\t\t\t<div class=\"elementor-widget-container\">\n\t\t\t\t\t\t\t<p>Una vez seleccionada tu categor\u00eda favorita, ser\u00e1s dirigido autom\u00e1ticamente a la p\u00e1gina correspondiente, donde podr\u00e1s descubrir todos los productos disponibles para ti.<\/p>\t\t\t\t\t\t<\/div>\n\t\t\t\t<\/div>\n\t\t\t\t\t<\/div>\n\t\t<\/div>\n\t\t\t\t<div class=\"elementor-column elementor-col-50 elementor-top-column elementor-element elementor-element-b84d977\" data-id=\"b84d977\" data-element_type=\"column\">\n\t\t\t<div class=\"elementor-widget-wrap elementor-element-populated\">\n\t\t\t\t\t\t\t\t<div class=\"elementor-element elementor-element-cb4e87d elementor-widget elementor-widget-image\" data-id=\"cb4e87d\" data-element_type=\"widget\" data-widget_type=\"image.default\">\n\t\t\t\t<div class=\"elementor-widget-container\">\n\t\t\t<style>\/*! elementor - v3.15.0 - 20-08-2023 *\/\n.elementor-widget-image{text-align:center}.elementor-widget-image a{display:inline-block}.elementor-widget-image a img[src$=\".svg\"]{width:48px}.elementor-widget-image img{vertical-align:middle;display:inline-block}<\/style>\t\t\t\t\t\t\t\t\t\t\t\t<img loading=\"lazy\" decoding=\"async\" width=\"1080\" height=\"1081\" src=\"https:\/\/bebidasinn.com\/wp-content\/uploads\/2026\/03\/Paso.webp\" class=\"attachment-full size-full wp-image-3133\" alt=\"\" srcset=\"https:\/\/bebidasinn.com\/wp-content\/uploads\/2026\/03\/Paso.webp 1080w, https:\/\/bebidasinn.com\/wp-content\/uploads\/2026\/03\/Paso-300x300.webp 300w, https:\/\/bebidasinn.com\/wp-content\/uploads\/2026\/03\/Paso-1024x1024.webp 1024w, https:\/\/bebidasinn.com\/wp-content\/uploads\/2026\/03\/Paso-150x150.webp 150w, https:\/\/bebidasinn.com\/wp-content\/uploads\/2026\/03\/Paso-768x769.webp 768w, https:\/\/bebidasinn.com\/wp-content\/uploads\/2026\/03\/Paso-600x601.webp 600w, https:\/\/bebidasinn.com\/wp-content\/uploads\/2026\/03\/Paso-100x100.webp 100w, https:\/\/bebidasinn.com\/wp-content\/uploads\/2026\/03\/Paso-64x64.webp 64w\" sizes=\"auto, (max-width: 1080px) 100vw, 1080px\" \/>\t\t\t\t\t\t\t\t\t\t\t\t\t\t\t<\/div>\n\t\t\t\t<\/div>\n\t\t\t\t\t<\/div>\n\t\t<\/div>\n\t\t\t\t\t\t\t<\/div>\n\t\t<\/section>\n\t\t\t\t<section class=\"elementor-section elementor-top-section elementor-element elementor-element-a88b4f7 elementor-section-boxed elementor-section-height-default elementor-section-height-default\" data-id=\"a88b4f7\" data-element_type=\"section\">\n\t\t\t\t\t\t<div class=\"elementor-container elementor-column-gap-default\">\n\t\t\t\t\t<div class=\"elementor-column elementor-col-50 elementor-top-column elementor-element elementor-element-ac27c0c\" data-id=\"ac27c0c\" data-element_type=\"column\">\n\t\t\t<div class=\"elementor-widget-wrap elementor-element-populated\">\n\t\t\t\t\t\t\t\t<div class=\"elementor-element elementor-element-51c0b03 elementor-widget elementor-widget-image\" data-id=\"51c0b03\" data-element_type=\"widget\" data-widget_type=\"image.default\">\n\t\t\t\t<div class=\"elementor-widget-container\">\n\t\t\t\t\t\t\t\t\t\t\t\t\t\t\t<img loading=\"lazy\" decoding=\"async\" width=\"800\" height=\"798\" src=\"https:\/\/bebidasinn.com\/wp-content\/uploads\/2026\/03\/Paso-2-1024x1021.webp\" class=\"attachment-large size-large wp-image-3135\" alt=\"\" srcset=\"https:\/\/bebidasinn.com\/wp-content\/uploads\/2026\/03\/Paso-2-1024x1021.webp 1024w, https:\/\/bebidasinn.com\/wp-content\/uploads\/2026\/03\/Paso-2-300x300.webp 300w, https:\/\/bebidasinn.com\/wp-content\/uploads\/2026\/03\/Paso-2-150x150.webp 150w, https:\/\/bebidasinn.com\/wp-content\/uploads\/2026\/03\/Paso-2-768x766.webp 768w, https:\/\/bebidasinn.com\/wp-content\/uploads\/2026\/03\/Paso-2-600x598.webp 600w, https:\/\/bebidasinn.com\/wp-content\/uploads\/2026\/03\/Paso-2-100x100.webp 100w, https:\/\/bebidasinn.com\/wp-content\/uploads\/2026\/03\/Paso-2-64x64.webp 64w, https:\/\/bebidasinn.com\/wp-content\/uploads\/2026\/03\/Paso-2.webp 1081w\" sizes=\"auto, (max-width: 800px) 100vw, 800px\" \/>\t\t\t\t\t\t\t\t\t\t\t\t\t\t\t<\/div>\n\t\t\t\t<\/div>\n\t\t\t\t\t<\/div>\n\t\t<\/div>\n\t\t\t\t<div class=\"elementor-column elementor-col-50 elementor-top-column elementor-element elementor-element-01a73f5\" data-id=\"01a73f5\" data-element_type=\"column\">\n\t\t\t<div class=\"elementor-widget-wrap elementor-element-populated\">\n\t\t\t\t\t\t\t\t<div class=\"elementor-element elementor-element-2b5c7dd elementor-widget elementor-widget-heading\" data-id=\"2b5c7dd\" data-element_type=\"widget\" data-widget_type=\"heading.default\">\n\t\t\t\t<div class=\"elementor-widget-container\">\n\t\t\t<h2 class=\"elementor-heading-title elementor-size-default\">Paso #3<\/h2>\t\t<\/div>\n\t\t\t\t<\/div>\n\t\t\t\t<div class=\"elementor-element elementor-element-fd58133 elementor-widget elementor-widget-text-editor\" data-id=\"fd58133\" data-element_type=\"widget\" data-widget_type=\"text-editor.default\">\n\t\t\t\t<div class=\"elementor-widget-container\">\n\t\t\t\t\t\t\t<p>Ahora viene lo mejor: elige tu producto favorito y selecciona el tama\u00f1o que m\u00e1s se adapte a ti. \u00a1Es momento de encontrar justo lo que quieres!<\/p>\t\t\t\t\t\t<\/div>\n\t\t\t\t<\/div>\n\t\t\t\t<div class=\"elementor-element elementor-element-284036b elementor-widget elementor-widget-heading\" data-id=\"284036b\" data-element_type=\"widget\" data-widget_type=\"heading.default\">\n\t\t\t\t<div class=\"elementor-widget-container\">\n\t\t\t<h2 class=\"elementor-heading-title elementor-size-default\">Paso #4<\/h2>\t\t<\/div>\n\t\t\t\t<\/div>\n\t\t\t\t<div class=\"elementor-element elementor-element-a8bbc79 elementor-widget elementor-widget-text-editor\" data-id=\"a8bbc79\" data-element_type=\"widget\" data-widget_type=\"text-editor.default\">\n\t\t\t\t<div class=\"elementor-widget-container\">\n\t\t\t\t\t\t\t<p>Una vez hayas elegido tu producto, selecciona la cantidad de pacas que deseas llevar. Es muy importante que revises la informaci\u00f3n de cada producto, donde se especifica cu\u00e1ntas unidades incluye cada paca. Por ejemplo, en este caso, 1 paca equivale a 12 unidades..<\/p>\t\t\t\t\t\t<\/div>\n\t\t\t\t<\/div>\n\t\t\t\t\t<\/div>\n\t\t<\/div>\n\t\t\t\t\t\t\t<\/div>\n\t\t<\/section>\n\t\t\t\t<section class=\"elementor-section elementor-top-section elementor-element elementor-element-86f82f2 elementor-section-boxed elementor-section-height-default elementor-section-height-default\" data-id=\"86f82f2\" data-element_type=\"section\">\n\t\t\t\t\t\t<div class=\"elementor-container elementor-column-gap-default\">\n\t\t\t\t\t<div class=\"elementor-column elementor-col-50 elementor-top-column elementor-element elementor-element-5a37f4b\" data-id=\"5a37f4b\" data-element_type=\"column\">\n\t\t\t<div class=\"elementor-widget-wrap elementor-element-populated\">\n\t\t\t\t\t\t\t\t<div class=\"elementor-element elementor-element-f5a8d58 elementor-widget elementor-widget-heading\" data-id=\"f5a8d58\" data-element_type=\"widget\" data-widget_type=\"heading.default\">\n\t\t\t\t<div class=\"elementor-widget-container\">\n\t\t\t<h2 class=\"elementor-heading-title elementor-size-default\">Paso #5<\/h2>\t\t<\/div>\n\t\t\t\t<\/div>\n\t\t\t\t<div class=\"elementor-element elementor-element-4320d11 elementor-widget elementor-widget-text-editor\" data-id=\"4320d11\" data-element_type=\"widget\" data-widget_type=\"text-editor.default\">\n\t\t\t\t<div class=\"elementor-widget-container\">\n\t\t\t\t\t\t\t<p>Una vez hayas seleccionado la cantidad que deseas llevar, agr\u00e9gala al carrito. Aparecer\u00e1 una ventana con dos opciones: en este caso, haz clic en <b>FINALIZAR COMPRA<\/b>\u00a0para continuar con tu pedido.<\/p>\t\t\t\t\t\t<\/div>\n\t\t\t\t<\/div>\n\t\t\t\t<div class=\"elementor-element elementor-element-b8d599d elementor-widget elementor-widget-heading\" data-id=\"b8d599d\" data-element_type=\"widget\" data-widget_type=\"heading.default\">\n\t\t\t\t<div class=\"elementor-widget-container\">\n\t\t\t<h2 class=\"elementor-heading-title elementor-size-default\">Paso #6<\/h2>\t\t<\/div>\n\t\t\t\t<\/div>\n\t\t\t\t<div class=\"elementor-element elementor-element-57a4d09 elementor-widget elementor-widget-text-editor\" data-id=\"57a4d09\" data-element_type=\"widget\" data-widget_type=\"text-editor.default\">\n\t\t\t\t<div class=\"elementor-widget-container\">\n\t\t\t\t\t\t\t<p>\u00a1Ya casi es tuyo! Es momento de llenar tus datos. Recuerda que es <b>MUY IMPORTANTE<\/b> ingresar tu informaci\u00f3n correctamente, ya que ser\u00e1 la direcci\u00f3n donde recibir\u00e1s tu compra.<\/p>\t\t\t\t\t\t<\/div>\n\t\t\t\t<\/div>\n\t\t\t\t\t<\/div>\n\t\t<\/div>\n\t\t\t\t<div class=\"elementor-column elementor-col-50 elementor-top-column elementor-element elementor-element-3f6e7a5\" data-id=\"3f6e7a5\" data-element_type=\"column\">\n\t\t\t<div class=\"elementor-widget-wrap elementor-element-populated\">\n\t\t\t\t\t\t\t\t<div class=\"elementor-element elementor-element-7643561 elementor-widget elementor-widget-image\" data-id=\"7643561\" data-element_type=\"widget\" data-widget_type=\"image.default\">\n\t\t\t\t<div class=\"elementor-widget-container\">\n\t\t\t\t\t\t\t\t\t\t\t\t\t\t\t<img loading=\"lazy\" decoding=\"async\" width=\"800\" height=\"795\" src=\"https:\/\/bebidasinn.com\/wp-content\/uploads\/2026\/03\/Paso-3-1024x1018.webp\" class=\"attachment-large size-large wp-image-3136\" alt=\"\" srcset=\"https:\/\/bebidasinn.com\/wp-content\/uploads\/2026\/03\/Paso-3-1024x1018.webp 1024w, https:\/\/bebidasinn.com\/wp-content\/uploads\/2026\/03\/Paso-3-300x298.webp 300w, https:\/\/bebidasinn.com\/wp-content\/uploads\/2026\/03\/Paso-3-150x150.webp 150w, https:\/\/bebidasinn.com\/wp-content\/uploads\/2026\/03\/Paso-3-768x764.webp 768w, https:\/\/bebidasinn.com\/wp-content\/uploads\/2026\/03\/Paso-3-600x597.webp 600w, https:\/\/bebidasinn.com\/wp-content\/uploads\/2026\/03\/Paso-3-100x100.webp 100w, https:\/\/bebidasinn.com\/wp-content\/uploads\/2026\/03\/Paso-3-64x64.webp 64w, https:\/\/bebidasinn.com\/wp-content\/uploads\/2026\/03\/Paso-3.webp 1081w\" sizes=\"auto, (max-width: 800px) 100vw, 800px\" \/>\t\t\t\t\t\t\t\t\t\t\t\t\t\t\t<\/div>\n\t\t\t\t<\/div>\n\t\t\t\t\t<\/div>\n\t\t<\/div>\n\t\t\t\t\t\t\t<\/div>\n\t\t<\/section>\n\t\t\t\t<section class=\"elementor-section elementor-top-section elementor-element elementor-element-6952f8e elementor-section-boxed elementor-section-height-default elementor-section-height-default\" data-id=\"6952f8e\" data-element_type=\"section\">\n\t\t\t\t\t\t<div class=\"elementor-container elementor-column-gap-default\">\n\t\t\t\t\t<div class=\"elementor-column elementor-col-33 elementor-top-column elementor-element elementor-element-d151dcc\" data-id=\"d151dcc\" data-element_type=\"column\">\n\t\t\t<div class=\"elementor-widget-wrap elementor-element-populated\">\n\t\t\t\t\t\t\t\t<div class=\"elementor-element elementor-element-8f61599 elementor-widget elementor-widget-heading\" data-id=\"8f61599\" data-element_type=\"widget\" data-widget_type=\"heading.default\">\n\t\t\t\t<div class=\"elementor-widget-container\">\n\t\t\t<h2 class=\"elementor-heading-title elementor-size-default\">Paso #7<\/h2>\t\t<\/div>\n\t\t\t\t<\/div>\n\t\t\t\t<div class=\"elementor-element elementor-element-4305d34 elementor-widget elementor-widget-text-editor\" data-id=\"4305d34\" data-element_type=\"widget\" data-widget_type=\"text-editor.default\">\n\t\t\t\t<div class=\"elementor-widget-container\">\n\t\t\t\t\t\t\t<p>Elige el m\u00e9todo de pago que m\u00e1s te convenga. Contamos con m\u00faltiples opciones para tu comodidad, como Nequi, PSE, Daviplata, Bancolombia, entre otros, para que pagues de forma f\u00e1cil, r\u00e1pida y segura.<\/p><p>\u00a1Listo! Tu pedido llegar\u00e1 en los pr\u00f3ximos 3 d\u00edas h\u00e1biles. Recuerda que nuestra zona de cobertura incluye La Estrella, Itag\u00fc\u00ed, Envigado, Medell\u00edn, Bello y Copacabana.<\/p>\t\t\t\t\t\t<\/div>\n\t\t\t\t<\/div>\n\t\t\t\t\t<\/div>\n\t\t<\/div>\n\t\t\t\t<div class=\"elementor-column elementor-col-33 elementor-top-column elementor-element elementor-element-f53c687\" data-id=\"f53c687\" data-element_type=\"column\">\n\t\t\t<div class=\"elementor-widget-wrap elementor-element-populated\">\n\t\t\t\t\t\t\t\t<div class=\"elementor-element elementor-element-38c91a8 elementor-widget elementor-widget-image\" data-id=\"38c91a8\" data-element_type=\"widget\" data-widget_type=\"image.default\">\n\t\t\t\t<div class=\"elementor-widget-container\">\n\t\t\t\t\t\t\t\t\t\t\t\t\t\t\t<img loading=\"lazy\" decoding=\"async\" width=\"1080\" height=\"540\" src=\"https:\/\/bebidasinn.com\/wp-content\/uploads\/2026\/03\/Paso-4.webp\" class=\"attachment-1536x1536 size-1536x1536 wp-image-3138\" alt=\"\" srcset=\"https:\/\/bebidasinn.com\/wp-content\/uploads\/2026\/03\/Paso-4.webp 1080w, https:\/\/bebidasinn.com\/wp-content\/uploads\/2026\/03\/Paso-4-300x150.webp 300w, https:\/\/bebidasinn.com\/wp-content\/uploads\/2026\/03\/Paso-4-1024x512.webp 1024w, https:\/\/bebidasinn.com\/wp-content\/uploads\/2026\/03\/Paso-4-768x384.webp 768w, https:\/\/bebidasinn.com\/wp-content\/uploads\/2026\/03\/Paso-4-600x300.webp 600w, https:\/\/bebidasinn.com\/wp-content\/uploads\/2026\/03\/Paso-4-64x32.webp 64w\" sizes=\"auto, (max-width: 1080px) 100vw, 1080px\" \/>\t\t\t\t\t\t\t\t\t\t\t\t\t\t\t<\/div>\n\t\t\t\t<\/div>\n\t\t\t\t<div class=\"elementor-element elementor-element-d26749b elementor-widget elementor-widget-image\" data-id=\"d26749b\" data-element_type=\"widget\" data-widget_type=\"image.default\">\n\t\t\t\t<div class=\"elementor-widget-container\">\n\t\t\t\t\t\t\t\t\t\t\t\t\t\t\t<img decoding=\"async\" src=\"https:\/\/bebidasinn.com\/wp-content\/uploads\/2026\/03\/IMG_4731-scaled.jpeg\" title=\"\" alt=\"\" loading=\"lazy\" \/>\t\t\t\t\t\t\t\t\t\t\t\t\t\t\t<\/div>\n\t\t\t\t<\/div>\n\t\t\t\t\t<\/div>\n\t\t<\/div>\n\t\t\t\t<div class=\"elementor-column elementor-col-33 elementor-top-column elementor-element elementor-element-d22b8bc\" data-id=\"d22b8bc\" data-element_type=\"column\">\n\t\t\t<div class=\"elementor-widget-wrap\">\n\t\t\t\t\t\t\t\t\t<\/div>\n\t\t<\/div>\n\t\t\t\t\t\t\t<\/div>\n\t\t<\/section>\n\t\t\t\t<section class=\"elementor-section elementor-top-section elementor-element elementor-element-7f9e6a4 elementor-section-boxed elementor-section-height-default elementor-section-height-default\" data-id=\"7f9e6a4\" data-element_type=\"section\">\n\t\t\t\t\t\t<div class=\"elementor-container elementor-column-gap-default\">\n\t\t\t\t\t<div class=\"elementor-column elementor-col-100 elementor-top-column elementor-element elementor-element-f392b23\" data-id=\"f392b23\" data-element_type=\"column\">\n\t\t\t<div class=\"elementor-widget-wrap elementor-element-populated\">\n\t\t\t\t\t\t\t\t<div class=\"elementor-element elementor-element-88f1b31 elementor-align-center elementor-widget elementor-widget-button\" data-id=\"88f1b31\" data-element_type=\"widget\" data-widget_type=\"button.default\">\n\t\t\t\t<div class=\"elementor-widget-container\">\n\t\t\t\t\t<div class=\"elementor-button-wrapper\">\n\t\t\t<a class=\"elementor-button elementor-button-link elementor-size-lg\" href=\"https:\/\/bebidasinn.com\/?post_type=product\">\n\t\t\t\t\t\t<span class=\"elementor-button-content-wrapper\">\n\t\t\t\t\t\t<span class=\"elementor-button-text\">COMPRA AQUI<\/span>\n\t\t<\/span>\n\t\t\t\t\t<\/a>\n\t\t<\/div>\n\t\t\t\t<\/div>\n\t\t\t\t<\/div>\n\t\t\t\t\t<\/div>\n\t\t<\/div>\n\t\t\t\t\t\t\t<\/div>\n\t\t<\/section>\n\t\t\t\t\t\t\t<\/div>\n\t\t","protected":false},"excerpt":{"rendered":"<p>COMPRA NUESTROS PRODUCTOS INN \u00a1As\u00ed de f\u00e1cil compras nuestros productos en nuestra p\u00e1gina! Entra, elige lo que te encanta y rec\u00edbelo sin complicaciones, r\u00e1pido y seguro. Paso #1 En nuestra web INN encontrar\u00e1s diferentes categor\u00edas pensadas para acompa\u00f1ar cada uno de tus momentos. Dir\u00edgete al apartado de tienda, explora las opciones disponibles y selecciona la [&hellip;]<\/p>\n","protected":false},"author":6,"featured_media":0,"parent":0,"menu_order":0,"comment_status":"closed","ping_status":"closed","template":"","meta":{"footnotes":""},"class_list":["post-3122","page","type-page","status-publish","hentry"],"_links":{"self":[{"href":"https:\/\/bebidasinn.com\/index.php?rest_route=\/wp\/v2\/pages\/3122","targetHints":{"allow":["GET"]}}],"collection":[{"href":"https:\/\/bebidasinn.com\/index.php?rest_route=\/wp\/v2\/pages"}],"about":[{"href":"https:\/\/bebidasinn.com\/index.php?rest_route=\/wp\/v2\/types\/page"}],"author":[{"embeddable":true,"href":"https:\/\/bebidasinn.com\/index.php?rest_route=\/wp\/v2\/users\/6"}],"replies":[{"embeddable":true,"href":"https:\/\/bebidasinn.com\/index.php?rest_route=%2Fwp%2Fv2%2Fcomments&post=3122"}],"version-history":[{"count":5,"href":"https:\/\/bebidasinn.com\/index.php?rest_route=\/wp\/v2\/pages\/3122\/revisions"}],"predecessor-version":[{"id":3143,"href":"https:\/\/bebidasinn.com\/index.php?rest_route=\/wp\/v2\/pages\/3122\/revisions\/3143"}],"wp:attachment":[{"href":"https:\/\/bebidasinn.com\/index.php?rest_route=%2Fwp%2Fv2%2Fmedia&parent=3122"}],"curies":[{"name":"wp","href":"https:\/\/api.w.org\/{rel}","templated":true}]}}